{"id":326,"date":"2021-07-09T17:05:44","date_gmt":"2021-07-09T15:05:44","guid":{"rendered":"https:\/\/galerie-atelier-jean-brunet.fr\/?page_id=326"},"modified":"2024-07-27T17:05:46","modified_gmt":"2024-07-27T15:05:46","slug":"accueil","status":"publish","type":"page","link":"https:\/\/galerie-atelier-jean-brunet.fr\/","title":{"rendered":"Page d&rsquo;accueil Galerie Atelier Jean Brunet"},"content":{"rendered":"<p>[et_pb_section fb_built=\u00a0\u00bb1&Prime; _builder_version=\u00a0\u00bb4.5.3&Prime; background_image=\u00a0\u00bbhttps:\/\/galerie-atelier-jean-brunet.fr\/wp-content\/uploads\/2020\/05\/noir-et-blanc-port-galerie-noirmoutier-1024&#215;367.jpg\u00a0\u00bb min_height=\u00a0\u00bb830px\u00a0\u00bb custom_padding=\u00a0\u00bb0px||0px|||\u00a0\u00bb][et_pb_row custom_padding_last_edited=\u00a0\u00bbon|phone\u00a0\u00bb _builder_version=\u00a0\u00bb4.5.3&Prime; _module_preset=\u00a0\u00bbdefault\u00a0\u00bb custom_padding=\u00a0\u00bb|400px||400px|false|true\u00a0\u00bb custom_padding_tablet=\u00a0\u00bb|180px||180px|false|true\u00a0\u00bb custom_padding_phone=\u00a0\u00bb|20px||20px|false|true\u00a0\u00bb][et_pb_column type=\u00a0\u00bb4_4&Prime; _builder_version=\u00a0\u00bb4.5.3&Prime; _module_preset=\u00a0\u00bbdefault\u00a0\u00bb][et_pb_image src=\u00a0\u00bbhttps:\/\/galerie-atelier-jean-brunet.fr\/wp-content\/uploads\/2019\/06\/Marque-Jean-Brunet-inpi-1024&#215;368.jpg\u00a0\u00bb alt=\u00a0\u00bbSignature Jean Brunet\u00a0\u00bb title_text=\u00a0\u00bbSignature Jean Brunet\u00a0\u00bb align=\u00a0\u00bbcenter\u00a0\u00bb _builder_version=\u00a0\u00bb4.5.3&Prime; _module_preset=\u00a0\u00bbdefault\u00a0\u00bb custom_margin=\u00a0\u00bb||-2px|||\u00a0\u00bb][\/et_pb_image][et_pb_text content_last_edited=\u00a0\u00bboff|tablet\u00a0\u00bb _builder_version=\u00a0\u00bb4.5.3&Prime; _module_preset=\u00a0\u00bbdefault\u00a0\u00bb background_color=\u00a0\u00bb#ffffff\u00a0\u00bb min_height=\u00a0\u00bb269px\u00a0\u00bb custom_margin=\u00a0\u00bb||-1px||false|false\u00a0\u00bb custom_padding=\u00a0\u00bb25px||0px||false|false\u00a0\u00bb]<\/p>\n<p style=\"padding-left: 30px;\"><a href=\"http:\/\/www.jean-brunet.com\" target=\"_blank\" rel=\"noopener noreferrer\">www.jean-brunet.com<\/a><\/p>\n<p style=\"padding-left: 30px;\">Galerie Atelier Jean Brunet<\/p>\n<p style=\"padding-left: 30px;\">Noirmoutier en l&rsquo;\u00cele<\/p>\n<p style=\"padding-left: 30px;\">6 quai Jean Bart<\/p>\n<p>[\/et_pb_text][et_pb_social_media_follow _builder_version=\u00a0\u00bb4.5.3&Prime; background_color=\u00a0\u00bb#ffffff\u00a0\u00bb text_orientation=\u00a0\u00bbcenter\u00a0\u00bb min_height=\u00a0\u00bb48px\u00a0\u00bb custom_margin=\u00a0\u00bb1px||5px|0px|false|false\u00a0\u00bb custom_padding=\u00a0\u00bb||1px|||\u00a0\u00bb hover_enabled=\u00a0\u00bb0&Prime; transform_translate_linked=\u00a0\u00bboff\u00a0\u00bb transform_translate=\u00a0\u00bb0px|-60px\u00a0\u00bb][et_pb_social_media_follow_network social_network=\u00a0\u00bbfacebook\u00a0\u00bb url=\u00a0\u00bbhttps:\/\/www.facebook.com\/JeanBrunetArtiste\/\u00a0\u00bb icon_color=\u00a0\u00bb#0c71c3&Prime; _builder_version=\u00a0\u00bb4.5.3&Prime; background_color=\u00a0\u00bb#ffffff\u00a0\u00bb background_enable_color=\u00a0\u00bbon\u00a0\u00bb hover_enabled=\u00a0\u00bb0&Prime; follow_button=\u00a0\u00bboff\u00a0\u00bb url_new_window=\u00a0\u00bbon\u00a0\u00bb transform_scale=\u00a0\u00bb128%|128%\u00a0\u00bb]facebook[\/et_pb_social_media_follow_network][et_pb_social_media_follow_network social_network=\u00a0\u00bbinstagram\u00a0\u00bb url=\u00a0\u00bbhttps:\/\/www.instagram.com\/jeanbrunet_artiste\/\u00a0\u00bb icon_color=\u00a0\u00bb#C32AA3&Prime; _builder_version=\u00a0\u00bb4.5.3&Prime; background_color=\u00a0\u00bb#ffffff\u00a0\u00bb background_enable_color=\u00a0\u00bbon\u00a0\u00bb hover_enabled=\u00a0\u00bb0&Prime; follow_button=\u00a0\u00bboff\u00a0\u00bb url_new_window=\u00a0\u00bbon\u00a0\u00bb transform_scale=\u00a0\u00bb128%|128%\u00a0\u00bb]instagram[\/et_pb_social_media_follow_network][\/et_pb_social_media_follow][\/et_pb_column][\/et_pb_row][et_pb_row _builder_version=\u00a0\u00bb4.5.3&Prime; _module_preset=\u00a0\u00bbdefault\u00a0\u00bb][et_pb_column type=\u00a0\u00bb4_4&Prime; _builder_version=\u00a0\u00bb4.5.3&Prime; _module_preset=\u00a0\u00bbdefault\u00a0\u00bb][et_pb_button button_url=\u00a0\u00bbhttps:\/\/jean-brunet.com\/shop\u00a0\u00bb button_text=\u00a0\u00bbBoutique en ligne\u00a0\u00bb button_alignment=\u00a0\u00bbcenter\u00a0\u00bb _builder_version=\u00a0\u00bb4.5.3&Prime; _module_preset=\u00a0\u00bbdefault\u00a0\u00bb custom_button=\u00a0\u00bbon\u00a0\u00bb button_bg_color=\u00a0\u00bb#000000&Prime; background_layout=\u00a0\u00bbdark\u00a0\u00bb][\/et_pb_button][\/et_pb_column][\/et_pb_row][et_pb_row _builder_version=\u00a0\u00bb4.5.3&Prime; _module_preset=\u00a0\u00bbdefault\u00a0\u00bb custom_padding=\u00a0\u00bb0px|||||\u00a0\u00bb][et_pb_column type=\u00a0\u00bb4_4&Prime; _builder_version=\u00a0\u00bb4.5.3&Prime; _module_preset=\u00a0\u00bbdefault\u00a0\u00bb][et_pb_image src=\u00a0\u00bbhttps:\/\/galerie-atelier-jean-brunet.fr\/wp-content\/uploads\/2018\/06\/gajb.jpg\u00a0\u00bb title_text=\u00a0\u00bbgajb\u00a0\u00bb align=\u00a0\u00bbcenter\u00a0\u00bb _builder_version=\u00a0\u00bb4.5.3&Prime; _module_preset=\u00a0\u00bbdefault\u00a0\u00bb transform_scale=\u00a0\u00bb75%|75%\u00a0\u00bb width=\u00a0\u00bb100%\u00a0\u00bb][\/et_pb_image][\/et_pb_column][\/et_pb_row][\/et_pb_section][et_pb_section fb_built=\u00a0\u00bb1&Prime; _builder_version=\u00a0\u00bb4.5.3&Prime; _module_preset=\u00a0\u00bbdefault\u00a0\u00bb][et_pb_row _builder_version=\u00a0\u00bb4.5.3&Prime; _module_preset=\u00a0\u00bbdefault\u00a0\u00bb][et_pb_column type=\u00a0\u00bb4_4&Prime; _builder_version=\u00a0\u00bb4.5.3&Prime; _module_preset=\u00a0\u00bbdefault\u00a0\u00bb][et_pb_image src=\u00a0\u00bbhttps:\/\/galerie-atelier-jean-brunet.fr\/wp-content\/uploads\/2019\/06\/Les-P\u00eacheurs-2.png\u00a0\u00bb alt=\u00a0\u00bbLes P\u00eacheurs par Jean Brunet\u00a0\u00bb title_text=\u00a0\u00bbLes P\u00eacheurs par Jean Brunet\u00a0\u00bb _builder_version=\u00a0\u00bb4.5.3&Prime; _module_preset=\u00a0\u00bbdefault\u00a0\u00bb][\/et_pb_image][et_pb_text _builder_version=\u00a0\u00bb4.5.3&Prime; _module_preset=\u00a0\u00bbdefault\u00a0\u00bb]<\/p>\n<p>Les P\u00eacheurs du passage du Gois, Jean Brunet<\/p>\n<p>[\/et_pb_text][\/et_pb_column][\/et_pb_row][et_pb_row _builder_version=\u00a0\u00bb4.5.3&Prime; _module_preset=\u00a0\u00bbdefault\u00a0\u00bb][et_pb_column type=\u00a0\u00bb4_4&Prime; _builder_version=\u00a0\u00bb4.5.3&Prime; _module_preset=\u00a0\u00bbdefault\u00a0\u00bb][et_pb_image src=\u00a0\u00bbhttps:\/\/galerie-atelier-jean-brunet.fr\/wp-content\/uploads\/2019\/06\/Plage-des-Dames.png\u00a0\u00bb alt=\u00a0\u00bbLa plage des Dames par jean Brunet\u00a0\u00bb title_text=\u00a0\u00bbLa plage des Dames par jean Brunet\u00a0\u00bb _builder_version=\u00a0\u00bb4.5.3&Prime; _module_preset=\u00a0\u00bbdefault\u00a0\u00bb][\/et_pb_image][et_pb_text _builder_version=\u00a0\u00bb4.5.3&Prime; _module_preset=\u00a0\u00bbdefault\u00a0\u00bb]<\/p>\n<p>La Plage des Dames, Jean Brunet<\/p>\n<p>[\/et_pb_text][\/et_pb_column][\/et_pb_row][\/et_pb_section]<\/p>\n","protected":false},"excerpt":{"rendered":"<p>[et_pb_section fb_built=\u00a0\u00bb1&Prime; _builder_version=\u00a0\u00bb4.5.3&Prime; background_image=\u00a0\u00bbhttps:\/\/galerie-atelier-jean-brunet.fr\/wp-content\/uploads\/2020\/05\/noir-et-blanc-port-galerie-noirmoutier-1024&#215;367.jpg\u00a0\u00bb min_height=\u00a0\u00bb830px\u00a0\u00bb custom_padding=\u00a0\u00bb0px||0px|||\u00a0\u00bb][et_pb_row custom_padding_last_edited=\u00a0\u00bbon|phone\u00a0\u00bb _builder_version=\u00a0\u00bb4.5.3&Prime; _module_preset=\u00a0\u00bbdefault\u00a0\u00bb custom_padding=\u00a0\u00bb|400px||400px|false|true\u00a0\u00bb custom_padding_tablet=\u00a0\u00bb|180px||180px|false|true\u00a0\u00bb custom_padding_phone=\u00a0\u00bb|20px||20px|false|true\u00a0\u00bb][et_pb_column type=\u00a0\u00bb4_4&Prime; _builder_version=\u00a0\u00bb4.5.3&Prime; _module_preset=\u00a0\u00bbdefault\u00a0\u00bb][et_pb_image src=\u00a0\u00bbhttps:\/\/galerie-atelier-jean-brunet.fr\/wp-content\/uploads\/2019\/06\/Marque-Jean-Brunet-inpi-1024&#215;368.jpg\u00a0\u00bb alt=\u00a0\u00bbSignature Jean Brunet\u00a0\u00bb title_text=\u00a0\u00bbSignature Jean Brunet\u00a0\u00bb align=\u00a0\u00bbcenter\u00a0\u00bb _builder_version=\u00a0\u00bb4.5.3&Prime; _module_preset=\u00a0\u00bbdefault\u00a0\u00bb custom_margin=\u00a0\u00bb||-2px|||\u00a0\u00bb][\/et_pb_image][et_pb_text content_last_edited=\u00a0\u00bboff|tablet\u00a0\u00bb _builder_version=\u00a0\u00bb4.5.3&Prime; _module_preset=\u00a0\u00bbdefault\u00a0\u00bb background_color=\u00a0\u00bb#ffffff\u00a0\u00bb min_height=\u00a0\u00bb269px\u00a0\u00bb custom_margin=\u00a0\u00bb||-1px||false|false\u00a0\u00bb custom_padding=\u00a0\u00bb25px||0px||false|false\u00a0\u00bb] www.jean-brunet.com Galerie Atelier Jean Brunet Noirmoutier en l&rsquo;\u00cele 6 quai Jean Bart [\/et_pb_text][et_pb_social_media_follow _builder_version=\u00a0\u00bb4.5.3&Prime; background_color=\u00a0\u00bb#ffffff\u00a0\u00bb text_orientation=\u00a0\u00bbcenter\u00a0\u00bb min_height=\u00a0\u00bb48px\u00a0\u00bb custom_margin=\u00a0\u00bb1px||5px|0px|false|false\u00a0\u00bb custom_padding=\u00a0\u00bb||1px|||\u00a0\u00bb hover_enabled=\u00a0\u00bb0&Prime; transform_translate_linked=\u00a0\u00bboff\u00a0\u00bb transform_translate=\u00a0\u00bb0px|-60px\u00a0\u00bb][et_pb_social_media_follow_network [&hellip;]<\/p>\n","protected":false},"author":1,"featured_media":335,"parent":0,"menu_order":0,"comment_status":"closed","ping_status":"closed","template":"page-template-blank.php","meta":{"_et_pb_use_builder":"on","_et_pb_old_content":"","_et_gb_content_width":"","footnotes":""},"yoast_head":"<!-- This site is optimized with the Yoast SEO plugin v20.4 - https:\/\/yoast.com\/wordpress\/plugins\/seo\/ -->\n<title>Page d&#039;accueil Galerie Atelier Jean Brunet - Galerie Atelier Jean Brunet<\/title>\n<meta name=\"description\" content=\"Jean Brunet vous accueille dans sa galerie atelier \u00e0 Noirmoutier o\u00f9 il pr\u00e9sente notamment ses vues de l&#039;\u00cele peintes \u00e0 l&#039;Encre de Chine.\" \/>\n<meta name=\"robots\" content=\"index, follow, max-snippet:-1, max-image-preview:large, max-video-preview:-1\" \/>\n<link rel=\"canonical\" href=\"https:\/\/galerie-atelier-jean-brunet.fr\/\" \/>\n<meta property=\"og:locale\" content=\"fr_FR\" \/>\n<meta property=\"og:type\" content=\"article\" \/>\n<meta property=\"og:title\" content=\"Page d&#039;accueil Galerie Atelier Jean Brunet - Galerie Atelier Jean Brunet\" \/>\n<meta property=\"og:description\" content=\"Jean Brunet vous accueille dans sa galerie atelier \u00e0 Noirmoutier o\u00f9 il pr\u00e9sente notamment ses vues de l&#039;\u00cele peintes \u00e0 l&#039;Encre de Chine.\" \/>\n<meta property=\"og:url\" content=\"https:\/\/galerie-atelier-jean-brunet.fr\/\" \/>\n<meta property=\"og:site_name\" content=\"Galerie Atelier Jean Brunet\" \/>\n<meta property=\"article:modified_time\" content=\"2024-07-27T15:05:46+00:00\" \/>\n<meta property=\"og:image\" content=\"https:\/\/galerie-atelier-jean-brunet.fr\/wp-content\/uploads\/2020\/05\/noir-et-blanc-port-galerie-noirmoutier.jpg\" \/>\n\t<meta property=\"og:image:width\" content=\"2213\" \/>\n\t<meta property=\"og:image:height\" content=\"794\" \/>\n\t<meta property=\"og:image:type\" content=\"image\/jpeg\" \/>\n<meta name=\"twitter:card\" content=\"summary_large_image\" \/>\n<meta name=\"twitter:label1\" content=\"Dur\u00e9e de lecture estim\u00e9e\" \/>\n\t<meta name=\"twitter:data1\" content=\"1 minute\" \/>\n<script type=\"application\/ld+json\" class=\"yoast-schema-graph\">{\"@context\":\"https:\/\/schema.org\",\"@graph\":[{\"@type\":\"WebPage\",\"@id\":\"https:\/\/galerie-atelier-jean-brunet.fr\/\",\"url\":\"https:\/\/galerie-atelier-jean-brunet.fr\/\",\"name\":\"Page d'accueil Galerie Atelier Jean Brunet - Galerie Atelier Jean Brunet\",\"isPartOf\":{\"@id\":\"https:\/\/galerie-atelier-jean-brunet.fr\/#website\"},\"datePublished\":\"2021-07-09T15:05:44+00:00\",\"dateModified\":\"2024-07-27T15:05:46+00:00\",\"description\":\"Jean Brunet vous accueille dans sa galerie atelier \u00e0 Noirmoutier o\u00f9 il pr\u00e9sente notamment ses vues de l'\u00cele peintes \u00e0 l'Encre de Chine.\",\"breadcrumb\":{\"@id\":\"https:\/\/galerie-atelier-jean-brunet.fr\/#breadcrumb\"},\"inLanguage\":\"fr-FR\",\"potentialAction\":[{\"@type\":\"ReadAction\",\"target\":[\"https:\/\/galerie-atelier-jean-brunet.fr\/\"]}]},{\"@type\":\"BreadcrumbList\",\"@id\":\"https:\/\/galerie-atelier-jean-brunet.fr\/#breadcrumb\",\"itemListElement\":[{\"@type\":\"ListItem\",\"position\":1,\"name\":\"Accueil\",\"item\":\"https:\/\/galerie-atelier-jean-brunet.fr\/\"},{\"@type\":\"ListItem\",\"position\":2,\"name\":\"Page d&rsquo;accueil Galerie Atelier Jean Brunet\"}]},{\"@type\":\"WebSite\",\"@id\":\"https:\/\/galerie-atelier-jean-brunet.fr\/#website\",\"url\":\"https:\/\/galerie-atelier-jean-brunet.fr\/\",\"name\":\"Galerie Atelier Jean BRUNET\",\"description\":\"Pr\u00e9senter la galerie \u00e0 Noirmoutier de l&#039;artiste peintre Jean Brunet\",\"potentialAction\":[{\"@type\":\"SearchAction\",\"target\":{\"@type\":\"EntryPoint\",\"urlTemplate\":\"https:\/\/galerie-atelier-jean-brunet.fr\/?s={search_term_string}\"},\"query-input\":\"required name=search_term_string\"}],\"inLanguage\":\"fr-FR\"}]}<\/script>\n<!-- \/ Yoast SEO plugin. -->","yoast_head_json":{"title":"Page d'accueil Galerie Atelier Jean Brunet - Galerie Atelier Jean Brunet","description":"Jean Brunet vous accueille dans sa galerie atelier \u00e0 Noirmoutier o\u00f9 il pr\u00e9sente notamment ses vues de l'\u00cele peintes \u00e0 l'Encre de Chine.","robots":{"index":"index","follow":"follow","max-snippet":"max-snippet:-1","max-image-preview":"max-image-preview:large","max-video-preview":"max-video-preview:-1"},"canonical":"https:\/\/galerie-atelier-jean-brunet.fr\/","og_locale":"fr_FR","og_type":"article","og_title":"Page d'accueil Galerie Atelier Jean Brunet - Galerie Atelier Jean Brunet","og_description":"Jean Brunet vous accueille dans sa galerie atelier \u00e0 Noirmoutier o\u00f9 il pr\u00e9sente notamment ses vues de l'\u00cele peintes \u00e0 l'Encre de Chine.","og_url":"https:\/\/galerie-atelier-jean-brunet.fr\/","og_site_name":"Galerie Atelier Jean Brunet","article_modified_time":"2024-07-27T15:05:46+00:00","og_image":[{"width":2213,"height":794,"url":"https:\/\/galerie-atelier-jean-brunet.fr\/wp-content\/uploads\/2020\/05\/noir-et-blanc-port-galerie-noirmoutier.jpg","type":"image\/jpeg"}],"twitter_card":"summary_large_image","twitter_misc":{"Dur\u00e9e de lecture estim\u00e9e":"1 minute"},"schema":{"@context":"https:\/\/schema.org","@graph":[{"@type":"WebPage","@id":"https:\/\/galerie-atelier-jean-brunet.fr\/","url":"https:\/\/galerie-atelier-jean-brunet.fr\/","name":"Page d'accueil Galerie Atelier Jean Brunet - Galerie Atelier Jean Brunet","isPartOf":{"@id":"https:\/\/galerie-atelier-jean-brunet.fr\/#website"},"datePublished":"2021-07-09T15:05:44+00:00","dateModified":"2024-07-27T15:05:46+00:00","description":"Jean Brunet vous accueille dans sa galerie atelier \u00e0 Noirmoutier o\u00f9 il pr\u00e9sente notamment ses vues de l'\u00cele peintes \u00e0 l'Encre de Chine.","breadcrumb":{"@id":"https:\/\/galerie-atelier-jean-brunet.fr\/#breadcrumb"},"inLanguage":"fr-FR","potentialAction":[{"@type":"ReadAction","target":["https:\/\/galerie-atelier-jean-brunet.fr\/"]}]},{"@type":"BreadcrumbList","@id":"https:\/\/galerie-atelier-jean-brunet.fr\/#breadcrumb","itemListElement":[{"@type":"ListItem","position":1,"name":"Accueil","item":"https:\/\/galerie-atelier-jean-brunet.fr\/"},{"@type":"ListItem","position":2,"name":"Page d&rsquo;accueil Galerie Atelier Jean Brunet"}]},{"@type":"WebSite","@id":"https:\/\/galerie-atelier-jean-brunet.fr\/#website","url":"https:\/\/galerie-atelier-jean-brunet.fr\/","name":"Galerie Atelier Jean BRUNET","description":"Pr\u00e9senter la galerie \u00e0 Noirmoutier de l&#039;artiste peintre Jean Brunet","potentialAction":[{"@type":"SearchAction","target":{"@type":"EntryPoint","urlTemplate":"https:\/\/galerie-atelier-jean-brunet.fr\/?s={search_term_string}"},"query-input":"required name=search_term_string"}],"inLanguage":"fr-FR"}]}},"_links":{"self":[{"href":"https:\/\/galerie-atelier-jean-brunet.fr\/index.php?rest_route=\/wp\/v2\/pages\/326"}],"collection":[{"href":"https:\/\/galerie-atelier-jean-brunet.fr\/index.php?rest_route=\/wp\/v2\/pages"}],"about":[{"href":"https:\/\/galerie-atelier-jean-brunet.fr\/index.php?rest_route=\/wp\/v2\/types\/page"}],"author":[{"embeddable":true,"href":"https:\/\/galerie-atelier-jean-brunet.fr\/index.php?rest_route=\/wp\/v2\/users\/1"}],"replies":[{"embeddable":true,"href":"https:\/\/galerie-atelier-jean-brunet.fr\/index.php?rest_route=%2Fwp%2Fv2%2Fcomments&post=326"}],"version-history":[{"count":55,"href":"https:\/\/galerie-atelier-jean-brunet.fr\/index.php?rest_route=\/wp\/v2\/pages\/326\/revisions"}],"predecessor-version":[{"id":455,"href":"https:\/\/galerie-atelier-jean-brunet.fr\/index.php?rest_route=\/wp\/v2\/pages\/326\/revisions\/455"}],"wp:featuredmedia":[{"embeddable":true,"href":"https:\/\/galerie-atelier-jean-brunet.fr\/index.php?rest_route=\/wp\/v2\/media\/335"}],"wp:attachment":[{"href":"https:\/\/galerie-atelier-jean-brunet.fr\/index.php?rest_route=%2Fwp%2Fv2%2Fmedia&parent=326"}],"curies":[{"name":"wp","href":"https:\/\/api.w.org\/{rel}","templated":true}]}}